{"id":642,"date":"2023-06-30T09:08:19","date_gmt":"2023-06-30T07:08:19","guid":{"rendered":"https:\/\/ricaa.fr\/?page_id=642"},"modified":"2026-01-26T10:34:48","modified_gmt":"2026-01-26T09:34:48","slug":"ricaa-2025","status":"publish","type":"page","link":"https:\/\/ricaa.fr\/?page_id=642","title":{"rendered":"RICAA 2026"},"content":{"rendered":"\n<p>Les RICAA 2026 sont annonc\u00e9es !<\/p>\n\n\n\n<p>Elles auront lieu les 11-12-13 mai 2026 au Conseil D\u00e9partemental de Haute-Garonne.<\/p>\n\n\n\n<p>Les inscriptions seront ouvertes tr\u00e8s prochainement, restez connect\u00e9s sur nos r\u00e9seaux sociaux.<\/p>\n\n\n\n<p>Pour toute information, vous pouvez nous contacter \u00e0 : <a href=\"mailto:ricaa@outllok.fr\">ricaa@outlook.fr<\/a><\/p>\n\n\n\n<figure class=\"wp-block-image size-large is-resized\"><img loading=\"lazy\" decoding=\"async\" width=\"1024\" height=\"1024\" src=\"https:\/\/ricaa.fr\/wp-content\/uploads\/2026\/01\/www.ricaa_.fr_-1024x1024.png\" alt=\"\" class=\"wp-image-1924\" style=\"width:525px;height:auto\" srcset=\"https:\/\/ricaa.fr\/wp-content\/uploads\/2026\/01\/www.ricaa_.fr_-1024x1024.png 1024w, https:\/\/ricaa.fr\/wp-content\/uploads\/2026\/01\/www.ricaa_.fr_-300x300.png 300w, https:\/\/ricaa.fr\/wp-content\/uploads\/2026\/01\/www.ricaa_.fr_-150x150.png 150w, https:\/\/ricaa.fr\/wp-content\/uploads\/2026\/01\/www.ricaa_.fr_-768x768.png 768w, https:\/\/ricaa.fr\/wp-content\/uploads\/2026\/01\/www.ricaa_.fr_-1536x1536.png 1536w, https:\/\/ricaa.fr\/wp-content\/uploads\/2026\/01\/www.ricaa_.fr_-2048x2048.png 2048w\" sizes=\"auto, (max-width: 1024px) 100vw, 1024px\" \/><\/figure>\n\n\n\n<p>Mise \u00e0 jour : 26 janvier 2026<\/p>\n","protected":false},"excerpt":{"rendered":"<p>Les RICAA 2026 sont annonc\u00e9es ! Elles auront lieu les 11-12-13 mai 2026 au Conseil D\u00e9partemental de Haute-Garonne. Les inscriptions seront ouvertes tr\u00e8s prochainement, restez connect\u00e9s sur nos r\u00e9seaux sociaux. Pour toute information, vous pouvez nous contacter \u00e0 : ricaa@outlook.fr Mise \u00e0 jour : 26 janvier 2026<\/p>\n","protected":false},"author":2,"featured_media":0,"parent":0,"menu_order":0,"comment_status":"closed","ping_status":"closed","template":"","meta":{"footnotes":""},"class_list":["post-642","page","type-page","status-publish","hentry"],"_links":{"self":[{"href":"https:\/\/ricaa.fr\/index.php?rest_route=\/wp\/v2\/pages\/642","targetHints":{"allow":["GET"]}}],"collection":[{"href":"https:\/\/ricaa.fr\/index.php?rest_route=\/wp\/v2\/pages"}],"about":[{"href":"https:\/\/ricaa.fr\/index.php?rest_route=\/wp\/v2\/types\/page"}],"author":[{"embeddable":true,"href":"https:\/\/ricaa.fr\/index.php?rest_route=\/wp\/v2\/users\/2"}],"replies":[{"embeddable":true,"href":"https:\/\/ricaa.fr\/index.php?rest_route=%2Fwp%2Fv2%2Fcomments&post=642"}],"version-history":[{"count":5,"href":"https:\/\/ricaa.fr\/index.php?rest_route=\/wp\/v2\/pages\/642\/revisions"}],"predecessor-version":[{"id":1925,"href":"https:\/\/ricaa.fr\/index.php?rest_route=\/wp\/v2\/pages\/642\/revisions\/1925"}],"wp:attachment":[{"href":"https:\/\/ricaa.fr\/index.php?rest_route=%2Fwp%2Fv2%2Fmedia&parent=642"}],"curies":[{"name":"wp","href":"https:\/\/api.w.org\/{rel}","templated":true}]}}